 What is the units digit of b?
5
Let r(l) = l + 8. Let v be r(5). Let o(m) = m**3 - 13*m**2 - m + 9. Let k be o(v). What is the units digit of -3 - k/((-12)/(-111))?
4
Let b(g) = g**2 - g - 47. What is the tens digit of b(-23)?
0
Let t = 200 + -95. Suppose 31 = -2*n + t. What is the units digit of n?
7
Let c(k) = -k**2 + 2 - 1 + 2 + 8*k. Suppose -15 = -8*y + 5*y. What is the units digit of c(y)?
8
Suppose -3*s - 3 = -15. Suppose -s*q - 2*a + 24 = 0, 5*q - 6 - 15 = 2*a. What is the units digit of q?
5
Let a(z) = -z**3 - 2*z**2 - 2*z. Let q be a(-5). What is the tens digit of 19/(q/20 - 4)?
7
Let w(p) = -12*p + 12. Let a be w(-6). Suppose -2*h = -h - 2*m - 84, 0 = -h - m + a. What is the tens digit of h?
8
Let l(i) = 3*i**2 + 32*i - 12. What is the hundreds digit of l(-21)?
6
Suppose -2*v + 512 = -1120. What is the hundreds digit of v?
8
Suppose -5064 = -14*d + 8656. What is the units digit of d?
0
Suppose -4 = -4*i, 0 = 2*g - 10*i + 6*i - 2618. What is the thousands digit of g?
1
Let x be 2/3 + (-78)/(-18). Suppose x*z + 4*h - 4 = -2, z - 4*h = 10. Suppose 0 = -z*r + r + 19. What is the units digit of r?
9
Suppose 4*f - x = -2, -x = 5*f - 2 - 0. Suppose w + 5*w - 438 = f. What is the units digit of w?
3
What is the units digit of (-6)/(42/7)*-263?
3
Let h = -19 - -19. Suppose -8 = d + 4*a - h*a, d + 13 = -5*a. What is the units digit of d?
2
Suppose 5*b = -15, -8*b = -5*f - 3*b. What is the units digit of (1 - 11)*(f - 3)?
0
Suppose 6*n - 3*n + 6 = 0. Let s be -15 - n/((-6)/(-9)). What is the tens digit of -1 + -1 + 2 - s?
1
Let l = -20 + 20. Suppose l = 4*u - 3*f - 3, 6*u = 5*u - 3*f - 3. Suppose -4*k - 2*b + 182 = 0, u = -3*b - 2*b + 15. What is the tens digit of k?
4
Let u(a) = -7 - a**2 + a**3 - a + 17 + 0*a**3 - 8. Let r be u(2). Suppose -52 = -r*j - 8. What is the units digit of j?
1
Let f = 60 + -50. Suppose -y + f = -3*y, u = 2*y + 76. What is the tens digit of u?
6
Let o be ((-12)/(-8) + -1)*20. Suppose -1064 = 2*h - o*h. What is the tens digit of h?
3
Let g(v) = 2939*v - 13. What is the hundreds digit of g(1)?
9
Let l = 717 - 483. Suppose -j + l = 4*u - 75, -235 = -3*u - 4*j. What is the units digit of u?
7
Let h(k) = 2*k**2 - 19*k - 7. Let i be h(10). Suppose -372 - 24 = -i*y. What is the hundreds digit of y?
1
Suppose 0 = -4*j, -4*y = -5*j + 2*j + 960. What is the units digit of (9/(-15) - -3)/((-9)/y)?
4
Suppose -5*c + c = k - 21, 3*c = 2*k - 42. Let i(v) = 3*v - 2. Let p be i(2). Suppose k = p*b - s, 4*b - 2*s - 22 = -0*b. What is the units digit of b?
5
Suppose -11*p - 5*j = -7*p - 4763, -2*p = -5*j - 2359. What is the hundreds digit of p?
1
Suppose -107*t = -73*t - 56270. What is the units digit of t?
5
Suppose -4*z + 12 = 0, z + 2*z = -3*r + 630. What is the units digit of r?
7
Let t be -4 + (-4)/4 + 151. Suppose 0 = 2*l + 2*l - 3*s - 644, -3*s = l - t. What is the tens digit of l?
5
What is the units digit of 3/(-14) - 90625/(-406)?
3
Suppose 0*w + t + 388 = 3*w, 0 = -w + 3*t + 132. Suppose k + w = 3*z, -217 = -4*z - z + k. What is the tens digit of z?
4
Let l(c) = 142*c - 413. What is the hundreds digit of l(14)?
5
Let l be 2/(((-3)/12)/((-34)/8)). Suppose 2*d = -2*k + l, 42 = -0*d + 2*d + 4*k. What is the tens digit of d?
1
Suppose -11*y + 192 = -7*y. Suppose -y = -b + 25. What is the units digit of b?
3
Let g = 917 - 410. What is the tens digit of g?
0
Let l(t) = 9*t**2 - 9*t + 21. What is the tens digit of l(8)?
2
Let t(r) = r - 4. Let n be t(6). Let c = 5 - n. What is the tens digit of (63/c + 1)/2?
1
Let f(w) = -13*w**3 - 3*w**2 + 8*w + 4. What is the hundreds digit of f(-3)?
3
Suppose 2*f + 44*f = 61042. What is the tens digit of f?
2
Suppose -12*k + 736 = -1628. What is the units digit of k?
7
Let m(h) = -2*h + 11. Let p be m(-10). Let f = p - 88. What is the units digit of (3/9)/((-1)/f)?
9
Let l = -425 + 933. What is the units digit of l?
8
Suppose 4*p + 15*d - 4064 = 20*d, 0 = -3*p + 5*d + 3053. What is the thousands digit of p?
1
Let l(g) = 5*g + 3. Let c be l(3). Let v(b) = -2*b**2 + b + 2. Let a be v(-1). Let m = a + c. What is the tens digit of m?
1
Suppose -3*j - 99 = u + u, -167 = 5*j + 4*u. Let y be -2 + (0 - 1*-49). Let s = y + j. What is the units digit of s?
6
Suppose 5*v - 7 = 3. Let z(d) = -1 + 0*d**2 - 4*d**2 + 2*d + v*d**2 + 2*d**3 + 0*d. What is the units digit of z(1)?
1
Let m = 1822 - 1260. What is the units digit of m?
2
Let z = -1 + 3. What is the tens digit of 2*(-1)/z + 27?
2
Suppose 349*v - 342*v - 1029 = 0. What is the hundreds digit of v?
1
Let t = -4 + 9. Let h(n) = 31*n + 1. Let v(k) = 6*k + 2. Let j(c) = h(c) - 3*v(c). What is the tens digit of j(t)?
6
Suppose m + 3*j = -2*m + 1473, -m + 4*j = -471. Let p = -346 + m. What is the tens digit of p?
4
Suppose 16*r - 8386 = 7054. What is the hundreds digit of r?
9
Let q = -150 - -142. Let g = q + 19. What is the tens digit of g?
1
Let v(t) = -t**2 - 1. Let i(z) = -z**3 + 7*z**2 + 2*z - 1. Let c(o) = -i(o) - 4*v(o). Let u = -15 + 20. What is the tens digit of c(u)?
4
Let x(m) = 2*m + 5. Suppose -5*k = 5*l + 100, 5*k - 5*l - 12 + 72 = 0. Let o be x(k). Let w = o - -85. What is the units digit of w?
8
Suppose -5*x - 2*x = 63. What is the units digit of 1/1*(x + 134)?
5
Suppose m - 2*q - 2094 = 0, -6726 = -5*m + 4*q + 3762. What is the tens digit of m?
0
Let x = 17 - 28. Let o = 11 - x. Suppose -4*p + o = 6. What is the units digit of p?
4
Let u be 3/6*(5 - 5). Suppose u = -3*d + 1 + 26. What is the tens digit of 138/d + 12/(-9)?
1
Suppose 5*s + 3 = -k - 2, 5*s + 5 = -2*k. What is the tens digit of (-17)/2*((s - 1) + 0)?
1
Let m = 19 - 19. Suppose m = -x + 10 + 46. Let z = 96 - x. What is the tens digit of z?
4
What is the units digit of 126/6*6/7?
8
Suppose 3*f + l = 2330, -2*f + 3*l = f - 2322. What is the tens digit of f?
7
Suppose 3*d = -d + 4. Let i be (6/(-18))/(d/(-12)). Suppose i*o - 4 - 232 = 0. What is the tens digit of o?
5
Suppose 0 = 4*u - 4*f - 26 - 250, 5*u = -5*f + 295. Let s = u - 24. Suppose 2*t + 24 = 2*o, -3*o + 4*t + 0 + s = 0. What is the units digit of o?
8
Let i(o) = 2*o**2 - 2*o - 1. Let a be i(2). What is the units digit of (-9 + 7)*a/(-2)?
3
Suppose 2*u - 44 = 5*t + 1119, 0 = u - 2*t - 580. What is the hundreds digit of u?
5
Suppose -k + 3*k - 14 = 5*g, 4*k = -4*g. Let l be -2 - (8/(-2) - g). Suppose 4*v + 2*y - 76 = 0, 0 = 5*v + 5*y - l*y - 105. What is the units digit of v?
7
Suppose 277 + 43 = 4*n. Let a = 85 - n. What is the units digit of a?
5
Suppose 679 = -7*n + 14*n. What is the tens digit of n?
9
What is the tens digit of (642/4)/(66/352)?
5
What is the tens digit of 2840/15 - (-2)/3?
9
Let z = -7 + 10. Suppose -2*j + 252 = z*j + 2*o, 2*j + 3*o - 103 = 0. Suppose 3*d - 5*d + 68 = 4*n, -5*d + j = 2*n. What is the units digit of n?
5
Let o(p) = -p. Let u(d) = 33*d + 2. Let v(f) = -6*o(f) - u(f). Suppose g + 25 = -z + 20, -4*g - 17 = 3*z. What is the units digit of v(g)?
2
Suppose 3 = 3*i - 6. Suppose -5*p + 3*w = -45, 3*p + 4*w - 23 = 5*w. Suppose 6 = i*j - 3*k - p, 0 = -5*k. What is the units digit of j?
4
Let g = 1319 + 2212. What is the hundreds digit of g?
5
Let x = -236 - -1339. What is the tens digit of x?
0
Let c = -641 + 947. What is the units digit of c?
6
Suppose 42 = 3*m + 2*v, 2*m - v = -0*v + 21. Suppose 6*h - 9*h + m = 0. Suppose 101 = -0*u + 2*u + 5*j, 2*j - 162 = -h*u. What is the tens digit of u?
3
Let n(a) = 7*a - 10. Suppose 2*d + 2*q = 18, 5*q - 12 = 13. Let r be n(d). Suppose r = k + h, 7*k = 4*k - 2*h + 50. What is the units digit of k?
4
Suppose 31*m = 86*m - 70950. What is the units digit of m?
0
Suppose -2*x + 1475 = u, 4*x + 1828 + 1090 = 2*u. What is the tens digit of u?
6
Let l(g) = g**2 + 8*g + 19. Let z be 22 - 24 - (-7)/(-1). What is the tens digit of l(z)?
2
Let r = -218 + 493. Suppose 4*q - r = 345. What is the units digit of q?
5
Suppose 3*s = 4497 - 3564. What is the hundreds digit of s?
3
Let y = -3170 - -4485. Suppose -2*l = 4*g - 1046, -5*g + y = 4*l - 0*l. What is the units digit of g?
9
Let n = 6 + 26. Suppose 4*f + i + n = 213, 5*f = i + 224. What is the tens digit of f?
4
Let p = 517 + -298. Suppose -7*t + p = -614. What is the units digit of t?
9
Let x(g) be the second derivative of -g**4/12 + 6*g**2 + 5*g. Let i be x(5). Let l = i - -23. What is the tens digit of l?
